[INFO] fetching crate rustc-test 0.3.1...
[INFO] building rustc-test-0.3.1 against master#881c1ac408d93bb7adaa3a51dabab9266e82eee8 for issue-85264
[INFO] extracting crate rustc-test 0.3.1 into /workspace/builds/worker-14/source
[INFO] validating manifest of crates.io crate rustc-test 0.3.1 on toolchain 881c1ac408d93bb7adaa3a51dabab9266e82eee8
[INFO] running `Command { std: "/workspace/cargo-home/bin/cargo" "+881c1ac408d93bb7adaa3a51dabab9266e82eee8" "metadata" "--manifest-path" "Cargo.toml" "--no-deps", kill_on_drop: false }`
[INFO] started tweaking crates.io crate rustc-test 0.3.1
[INFO] finished tweaking crates.io crate rustc-test 0.3.1
[INFO] tweaked toml for crates.io crate rustc-test 0.3.1 written to /workspace/builds/worker-14/source/Cargo.toml
[INFO] running `Command { std: "/workspace/cargo-home/bin/cargo" "+881c1ac408d93bb7adaa3a51dabab9266e82eee8" "generate-lockfile" "--manifest-path" "Cargo.toml" "-Zno-index-update", kill_on_drop: false }`
[INFO] running `Command { std: "/workspace/cargo-home/bin/cargo" "+881c1ac408d93bb7adaa3a51dabab9266e82eee8" "fetch" "--manifest-path" "Cargo.toml", kill_on_drop: false }`
[INFO] [stderr]     Blocking waiting for file lock on package cache
[INFO] running `Command { std: "docker" "create" "-v" "/var/lib/crater-agent-workspace/builds/worker-14/target:/opt/rustwide/target:rw,Z" "-v" "/var/lib/crater-agent-workspace/builds/worker-14/source:/opt/rustwide/workdir:ro,Z" "-v" "/var/lib/crater-agent-workspace/cargo-home:/opt/rustwide/cargo-home:ro,Z" "-v" "/var/lib/crater-agent-workspace/rustup-home:/opt/rustwide/rustup-home:ro,Z" "-e" "SOURCE_DIR=/opt/rustwide/workdir" "-e" "CARGO_TARGET_DIR=/opt/rustwide/target" "-e" "CARGO_HOME=/opt/rustwide/cargo-home" "-e" "RUSTUP_HOME=/opt/rustwide/rustup-home" "-w" "/opt/rustwide/workdir" "-m" "1610612736" "--user" "0:0" "--network" "none" "ghcr.io/rust-lang/crates-build-env/linux@sha256:20528e8c29e4536546f0102ce88568b16ea7538393a33fcca951030f7af10457" "/opt/rustwide/cargo-home/bin/cargo" "+881c1ac408d93bb7adaa3a51dabab9266e82eee8" "metadata" "--no-deps" "--format-version=1", kill_on_drop: false }`
[INFO] [stdout] e62f3eb4136e17a3cdf517c2dc7df9a0d1884e1b53b57dadf5aec35e8a7823aa
[INFO] [stderr] WARNING: Your kernel does not support swap limit capabilities or the cgroup is not mounted. Memory limited without swap.
[INFO] running `Command { std: "docker" "start" "-a" "e62f3eb4136e17a3cdf517c2dc7df9a0d1884e1b53b57dadf5aec35e8a7823aa", kill_on_drop: false }`
[INFO] running `Command { std: "docker" "inspect" "e62f3eb4136e17a3cdf517c2dc7df9a0d1884e1b53b57dadf5aec35e8a7823aa", kill_on_drop: false }`
[INFO] running `Command { std: "docker" "rm" "-f" "e62f3eb4136e17a3cdf517c2dc7df9a0d1884e1b53b57dadf5aec35e8a7823aa", kill_on_drop: false }`
[INFO] [stdout] e62f3eb4136e17a3cdf517c2dc7df9a0d1884e1b53b57dadf5aec35e8a7823aa
[INFO] running `Command { std: "docker" "create" "-v" "/var/lib/crater-agent-workspace/builds/worker-14/target:/opt/rustwide/target:rw,Z" "-v" "/var/lib/crater-agent-workspace/builds/worker-14/source:/opt/rustwide/workdir:ro,Z" "-v" "/var/lib/crater-agent-workspace/cargo-home:/opt/rustwide/cargo-home:ro,Z" "-v" "/var/lib/crater-agent-workspace/rustup-home:/opt/rustwide/rustup-home:ro,Z" "-e" "SOURCE_DIR=/opt/rustwide/workdir" "-e" "CARGO_TARGET_DIR=/opt/rustwide/target" "-e" "CARGO_INCREMENTAL=0" "-e" "RUST_BACKTRACE=full" "-e" "RUSTFLAGS=--cap-lints=forbid" "-e" "CARGO_HOME=/opt/rustwide/cargo-home" "-e" "RUSTUP_HOME=/opt/rustwide/rustup-home" "-w" "/opt/rustwide/workdir" "-m" "1610612736" "--user" "0:0" "--network" "none" "ghcr.io/rust-lang/crates-build-env/linux@sha256:20528e8c29e4536546f0102ce88568b16ea7538393a33fcca951030f7af10457" "/opt/rustwide/cargo-home/bin/cargo" "+881c1ac408d93bb7adaa3a51dabab9266e82eee8" "build" "--frozen" "--message-format=json", kill_on_drop: false }`
[INFO] [stdout] efb2a8c2a7f752e110fae69b37be282b834a9217a518801dd56db26351370d21
[INFO] [stderr] WARNING: Your kernel does not support swap limit capabilities or the cgroup is not mounted. Memory limited without swap.
[INFO] running `Command { std: "docker" "start" "-a" "efb2a8c2a7f752e110fae69b37be282b834a9217a518801dd56db26351370d21", kill_on_drop: false }`
[INFO] [stderr]    Compiling semver-parser v0.7.0
[INFO] [stderr]    Compiling libc v0.2.95
[INFO] [stderr]    Compiling unicode-width v0.1.8
[INFO] [stderr]    Compiling rustc-serialize v0.3.24
[INFO] [stderr]    Compiling getopts v0.2.21
[INFO] [stderr]    Compiling semver v0.9.0
[INFO] [stderr]    Compiling rustc_version v0.2.3
[INFO] [stderr]    Compiling rustc-test v0.3.1 (/opt/rustwide/workdir)
[INFO] [stderr]    Compiling time v0.1.44
[INFO] [stdout] warning: use of deprecated macro `RustcEncodable`: rustc-serialize is deprecated and no longer supported
[INFO] [stdout]    --> src/lib.rs:227:17
[INFO] [stdout]     |
[INFO] [stdout] 227 | #[derive(Clone, RustcEncodable, RustcDecodable, PartialEq, Debug, Copy)]
[INFO] [stdout]     |                 ^^^^^^^^^^^^^^
[INFO] [stdout]     |
[INFO] [stdout]     = note: `#[warn(deprecated)]` on by default
[INFO] [stdout] 
[INFO] [stdout] 
[INFO] [stdout] warning: use of deprecated macro `RustcDecodable`: rustc-serialize is deprecated and no longer supported
[INFO] [stdout]    --> src/lib.rs:227:33
[INFO] [stdout]     |
[INFO] [stdout] 227 | #[derive(Clone, RustcEncodable, RustcDecodable, PartialEq, Debug, Copy)]
[INFO] [stdout]     |                                 ^^^^^^^^^^^^^^
[INFO] [stdout] 
[INFO] [stdout] 
[INFO] [stdout] warning: trait objects without an explicit `dyn` are deprecated
[INFO] [stdout]    --> src/lib.rs:146:19
[INFO] [stdout]     |
[INFO] [stdout] 146 |     DynTestFn(Box<FnMut() + Send>),
[INFO] [stdout]     |                   ^^^^^^^^^^^^^^ help: use `dyn`: `dyn FnMut() + Send`
[INFO] [stdout]     |
[INFO] [stdout]     = note: `#[warn(bare_trait_objects)]` on by default
[INFO] [stdout]     = warning: this was previously accepted by the compiler but is being phased out; it will become a hard error in the 2021 edition!
[INFO] [stdout]     = note: for more information, see issue #80165 <https://github.com/rust-lang/rust/issues/80165>
[INFO] [stdout] 
[INFO] [stdout] 
[INFO] [stdout] warning: trait objects without an explicit `dyn` are deprecated
[INFO] [stdout]    --> src/lib.rs:147:21
[INFO] [stdout]     |
[INFO] [stdout] 147 |     DynMetricFn(Box<FnMut(&mut MetricMap) + Send>),
[INFO] [stdout]     |                     ^^^^^^^^^^^^^^^^^^^^^^^^^^^^ help: use `dyn`: `dyn FnMut(&mut MetricMap) + Send`
[INFO] [stdout]     |
[INFO] [stdout]     = warning: this was previously accepted by the compiler but is being phased out; it will become a hard error in the 2021 edition!
[INFO] [stdout]     = note: for more information, see issue #80165 <https://github.com/rust-lang/rust/issues/80165>
[INFO] [stdout] 
[INFO] [stdout] 
[INFO] [stdout] warning: trait objects without an explicit `dyn` are deprecated
[INFO] [stdout]    --> src/lib.rs:148:20
[INFO] [stdout]     |
[INFO] [stdout] 148 |     DynBenchFn(Box<TDynBenchFn + 'static>),
[INFO] [stdout]     |                    ^^^^^^^^^^^^^^^^^^^^^ help: use `dyn`: `dyn TDynBenchFn + 'static`
[INFO] [stdout]     |
[INFO] [stdout]     = warning: this was previously accepted by the compiler but is being phased out; it will become a hard error in the 2021 edition!
[INFO] [stdout]     = note: for more information, see issue #80165 <https://github.com/rust-lang/rust/issues/80165>
[INFO] [stdout] 
[INFO] [stdout] 
[INFO] [stdout] warning: use of deprecated macro `try`: use the `?` operator instead
[INFO] [stdout]    --> src/lib.rs:492:36
[INFO] [stdout]     |
[INFO] [stdout] 492 |             Some(ref path) => Some(try!(File::create(path))),
[INFO] [stdout]     |                                    ^^^
[INFO] [stdout] 
[INFO] [stdout] 
[INFO] [stdout] warning: use of deprecated macro `try`: use the `?` operator instead
[INFO] [stdout]    --> src/lib.rs:539:13
[INFO] [stdout]     |
[INFO] [stdout] 539 |             try!(self.write_pretty(verbose, color));
[INFO] [stdout]     |             ^^^
[INFO] [stdout] 
[INFO] [stdout] 
[INFO] [stdout] warning: use of deprecated macro `try`: use the `?` operator instead
[INFO] [stdout]    --> src/lib.rs:550:21
[INFO] [stdout]     |
[INFO] [stdout] 550 |                     try!(term.fg(color));
[INFO] [stdout]     |                     ^^^
[INFO] [stdout] 
[INFO] [stdout] 
[INFO] [stdout] warning: use of deprecated macro `try`: use the `?` operator instead
[INFO] [stdout]    --> src/lib.rs:552:17
[INFO] [stdout]     |
[INFO] [stdout] 552 |                 try!(term.write_all(word.as_bytes()));
[INFO] [stdout]     |                 ^^^
[INFO] [stdout] 
[INFO] [stdout] 
[INFO] [stdout] warning: use of deprecated macro `try`: use the `?` operator instead
[INFO] [stdout]    --> src/lib.rs:554:21
[INFO] [stdout]     |
[INFO] [stdout] 554 |                     try!(term.reset());
[INFO] [stdout]     |                     ^^^
[INFO] [stdout] 
[INFO] [stdout] 
[INFO] [stdout] warning: use of deprecated macro `try`: use the `?` operator instead
[INFO] [stdout]    --> src/lib.rs:559:17
[INFO] [stdout]     |
[INFO] [stdout] 559 |                 try!(stdout.write_all(word.as_bytes()));
[INFO] [stdout]     |                 ^^^
[INFO] [stdout] 
[INFO] [stdout] 
[INFO] [stdout] warning: use of deprecated macro `try`: use the `?` operator instead
[INFO] [stdout]    --> src/lib.rs:568:17
[INFO] [stdout]     |
[INFO] [stdout] 568 |                 try!(term.write_all(s.as_bytes()));
[INFO] [stdout]     |                 ^^^
[INFO] [stdout] 
[INFO] [stdout] 
[INFO] [stdout] warning: use of deprecated macro `try`: use the `?` operator instead
[INFO] [stdout]    --> src/lib.rs:572:17
[INFO] [stdout]     |
[INFO] [stdout] 572 |                 try!(stdout.write_all(s.as_bytes()));
[INFO] [stdout]     |                 ^^^
[INFO] [stdout] 
[INFO] [stdout] 
[INFO] [stdout] warning: use of deprecated macro `try`: use the `?` operator instead
[INFO] [stdout]    --> src/lib.rs:603:17
[INFO] [stdout]     |
[INFO] [stdout] 603 |                 try!(self.write_metric());
[INFO] [stdout]     |                 ^^^
[INFO] [stdout] 
[INFO] [stdout] 
[INFO] [stdout] warning: use of deprecated macro `try`: use the `?` operator instead
[INFO] [stdout]    --> src/lib.rs:607:17
[INFO] [stdout]     |
[INFO] [stdout] 607 |                 try!(self.write_bench());
[INFO] [stdout]     |                 ^^^
[INFO] [stdout] 
[INFO] [stdout] 
[INFO] [stdout] warning: use of deprecated macro `try`: use the `?` operator instead
[INFO] [stdout]    --> src/lib.rs:632:9
[INFO] [stdout]     |
[INFO] [stdout] 632 |         try!(self.write_plain("\nfailures:\n"));
[INFO] [stdout]     |         ^^^
[INFO] [stdout] 
[INFO] [stdout] 
[INFO] [stdout] warning: use of deprecated macro `try`: use the `?` operator instead
[INFO] [stdout]    --> src/lib.rs:645:13
[INFO] [stdout]     |
[INFO] [stdout] 645 |             try!(self.write_plain("\n"));
[INFO] [stdout]     |             ^^^
[INFO] [stdout] 
[INFO] [stdout] 
[INFO] [stdout] warning: use of deprecated macro `try`: use the `?` operator instead
[INFO] [stdout]    --> src/lib.rs:646:13
[INFO] [stdout]     |
[INFO] [stdout] 646 |             try!(self.write_plain(&fail_out));
[INFO] [stdout]     |             ^^^
[INFO] [stdout] 
[INFO] [stdout] 
[INFO] [stdout] warning: use of deprecated macro `try`: use the `?` operator instead
[INFO] [stdout]    --> src/lib.rs:649:9
[INFO] [stdout]     |
[INFO] [stdout] 649 |         try!(self.write_plain("\nfailures:\n"));
[INFO] [stdout]     |         ^^^
[INFO] [stdout] 
[INFO] [stdout] 
[INFO] [stdout] warning: use of deprecated macro `try`: use the `?` operator instead
[INFO] [stdout]    --> src/lib.rs:652:13
[INFO] [stdout]     |
[INFO] [stdout] 652 |             try!(self.write_plain(&format!("    {}\n", name)));
[INFO] [stdout]     |             ^^^
[INFO] [stdout] 
[INFO] [stdout] 
[INFO] [stdout] warning: use of deprecated macro `try`: use the `?` operator instead
[INFO] [stdout]    --> src/lib.rs:662:13
[INFO] [stdout]     |
[INFO] [stdout] 662 |             try!(self.write_failures());
[INFO] [stdout]     |             ^^^
[INFO] [stdout] 
[INFO] [stdout] 
[INFO] [stdout] warning: use of deprecated macro `try`: use the `?` operator instead
[INFO] [stdout]    --> src/lib.rs:665:9
[INFO] [stdout]     |
[INFO] [stdout] 665 |         try!(self.write_plain("\ntest result: "));
[INFO] [stdout]     |         ^^^
[INFO] [stdout] 
[INFO] [stdout] 
[INFO] [stdout] warning: use of deprecated macro `try`: use the `?` operator instead
[INFO] [stdout]    --> src/lib.rs:668:13
[INFO] [stdout]     |
[INFO] [stdout] 668 |             try!(self.write_pretty("ok", term::color::GREEN));
[INFO] [stdout]     |             ^^^
[INFO] [stdout] 
[INFO] [stdout] 
[INFO] [stdout] warning: use of deprecated macro `try`: use the `?` operator instead
[INFO] [stdout]    --> src/lib.rs:670:13
[INFO] [stdout]     |
[INFO] [stdout] 670 |             try!(self.write_pretty("FAILED", term::color::RED));
[INFO] [stdout]     |             ^^^
[INFO] [stdout] 
[INFO] [stdout] 
[INFO] [stdout] warning: use of deprecated macro `try`: use the `?` operator instead
[INFO] [stdout]    --> src/lib.rs:677:9
[INFO] [stdout]     |
[INFO] [stdout] 677 |         try!(self.write_plain(&s));
[INFO] [stdout]     |         ^^^
[INFO] [stdout] 
[INFO] [stdout] 
[INFO] [stdout] warning: use of deprecated macro `try`: use the `?` operator instead
[INFO] [stdout]    --> src/lib.rs:761:18
[INFO] [stdout]     |
[INFO] [stdout] 761 |     let mut st = try!(ConsoleTestState::new(opts, None::<io::Stdout>));
[INFO] [stdout]     |                  ^^^
[INFO] [stdout] 
[INFO] [stdout] 
[INFO] [stdout] warning: use of deprecated macro `try`: use the `?` operator instead
[INFO] [stdout]    --> src/lib.rs:775:5
[INFO] [stdout]     |
[INFO] [stdout] 775 |     try!(run_tests(opts, tests, |x| callback(&x, &mut st)));
[INFO] [stdout]     |     ^^^
[INFO] [stdout] 
[INFO] [stdout] 
[INFO] [stdout] warning: use of deprecated macro `try`: use the `?` operator instead
[INFO] [stdout]    --> src/lib.rs:731:17
[INFO] [stdout]     |
[INFO] [stdout] 731 |                 try!(st.write_log(&test, &result));
[INFO] [stdout]     |                 ^^^
[INFO] [stdout] 
[INFO] [stdout] 
[INFO] [stdout] warning: use of deprecated macro `try`: use the `?` operator instead
[INFO] [stdout]    --> src/lib.rs:732:17
[INFO] [stdout]     |
[INFO] [stdout] 732 |                 try!(st.write_result(&result));
[INFO] [stdout]     |                 ^^^
[INFO] [stdout] 
[INFO] [stdout] 
[INFO] [stdout] warning: use of deprecated macro `try`: use the `?` operator instead
[INFO] [stdout]    --> src/lib.rs:895:5
[INFO] [stdout]     |
[INFO] [stdout] 895 |     try!(callback(TeFiltered(filtered_descs)));
[INFO] [stdout]     |     ^^^
[INFO] [stdout] 
[INFO] [stdout] 
[INFO] [stdout] warning: use of deprecated macro `try`: use the `?` operator instead
[INFO] [stdout]    --> src/lib.rs:922:17
[INFO] [stdout]     |
[INFO] [stdout] 922 |                 try!(callback(TeWait(test.desc.clone(), test.testfn.padding())));
[INFO] [stdout]     |                 ^^^
[INFO] [stdout] 
[INFO] [stdout] 
[INFO] [stdout] warning: use of deprecated macro `try`: use the `?` operator instead
[INFO] [stdout]    --> src/lib.rs:930:13
[INFO] [stdout]     |
[INFO] [stdout] 930 |             try!(callback(TeWait(desc.clone(), PadNone)));
[INFO] [stdout]     |             ^^^
[INFO] [stdout] 
[INFO] [stdout] 
[INFO] [stdout] warning: use of deprecated macro `try`: use the `?` operator instead
[INFO] [stdout]    --> src/lib.rs:932:9
[INFO] [stdout]     |
[INFO] [stdout] 932 |         try!(callback(TeResult(desc, result, stdout)));
[INFO] [stdout]     |         ^^^
[INFO] [stdout] 
[INFO] [stdout] 
[INFO] [stdout] warning: use of deprecated macro `try`: use the `?` operator instead
[INFO] [stdout]    --> src/lib.rs:940:13
[INFO] [stdout]     |
[INFO] [stdout] 940 |             try!(callback(TeWait(b.desc.clone(), b.testfn.padding())));
[INFO] [stdout]     |             ^^^
[INFO] [stdout] 
[INFO] [stdout] 
[INFO] [stdout] warning: use of deprecated macro `try`: use the `?` operator instead
[INFO] [stdout]    --> src/lib.rs:943:13
[INFO] [stdout]     |
[INFO] [stdout] 943 |             try!(callback(TeResult(test, result, stdout)));
[INFO] [stdout]     |             ^^^
[INFO] [stdout] 
[INFO] [stdout] 
[INFO] [stdout] warning: trait objects without an explicit `dyn` are deprecated
[INFO] [stdout]     --> src/lib.rs:1128:39
[INFO] [stdout]      |
[INFO] [stdout] 1128 |                       mut testfn: Box<FnMut() + Send>) {
[INFO] [stdout]      |                                       ^^^^^^^^^^^^^^ help: use `dyn`: `dyn FnMut() + Send`
[INFO] [stdout]      |
[INFO] [stdout]      = warning: this was previously accepted by the compiler but is being phased out; it will become a hard error in the 2021 edition!
[INFO] [stdout]      = note: for more information, see issue #80165 <https://github.com/rust-lang/rust/issues/80165>
[INFO] [stdout] 
[INFO] [stdout] 
[INFO] [stdout] warning: trait objects without an explicit `dyn` are deprecated
[INFO] [stdout]     --> src/lib.rs:1185:61
[INFO] [stdout]      |
[INFO] [stdout] 1185 | fn calc_result(desc: &TestDesc, task_result: Result<(), Box<Any + Send>>) -> TestResult {
[INFO] [stdout]      |                                                             ^^^^^^^^^^ help: use `dyn`: `dyn Any + Send`
[INFO] [stdout]      |
[INFO] [stdout]      = warning: this was previously accepted by the compiler but is being phased out; it will become a hard error in the 2021 edition!
[INFO] [stdout]      = note: for more information, see issue #80165 <https://github.com/rust-lang/rust/issues/80165>
[INFO] [stdout] 
[INFO] [stdout] 
[INFO] [stderr]     Finished dev [unoptimized + debuginfo] target(s) in 4.33s
[INFO] [stdout] warning: 37 warnings emitted
[INFO] [stdout] 
[INFO] [stdout] 
[INFO] running `Command { std: "docker" "inspect" "efb2a8c2a7f752e110fae69b37be282b834a9217a518801dd56db26351370d21", kill_on_drop: false }`
[INFO] running `Command { std: "docker" "rm" "-f" "efb2a8c2a7f752e110fae69b37be282b834a9217a518801dd56db26351370d21", kill_on_drop: false }`
[INFO] [stdout] efb2a8c2a7f752e110fae69b37be282b834a9217a518801dd56db26351370d21
[INFO] running `Command { std: "docker" "create" "-v" "/var/lib/crater-agent-workspace/builds/worker-14/target:/opt/rustwide/target:rw,Z" "-v" "/var/lib/crater-agent-workspace/builds/worker-14/source:/opt/rustwide/workdir:ro,Z" "-v" "/var/lib/crater-agent-workspace/cargo-home:/opt/rustwide/cargo-home:ro,Z" "-v" "/var/lib/crater-agent-workspace/rustup-home:/opt/rustwide/rustup-home:ro,Z" "-e" "SOURCE_DIR=/opt/rustwide/workdir" "-e" "CARGO_TARGET_DIR=/opt/rustwide/target" "-e" "CARGO_INCREMENTAL=0" "-e" "RUST_BACKTRACE=full" "-e" "RUSTFLAGS=--cap-lints=forbid" "-e" "CARGO_HOME=/opt/rustwide/cargo-home" "-e" "RUSTUP_HOME=/opt/rustwide/rustup-home" "-w" "/opt/rustwide/workdir" "-m" "1610612736" "--user" "0:0" "--network" "none" "ghcr.io/rust-lang/crates-build-env/linux@sha256:20528e8c29e4536546f0102ce88568b16ea7538393a33fcca951030f7af10457" "/opt/rustwide/cargo-home/bin/cargo" "+881c1ac408d93bb7adaa3a51dabab9266e82eee8" "test" "--frozen" "--no-run" "--message-format=json", kill_on_drop: false }`
[INFO] [stdout] fe4a63b8d23d9127aa83218eefdac1c8b1577c1c776e8ca7caa58298c5df4dac
[INFO] [stderr] WARNING: Your kernel does not support swap limit capabilities or the cgroup is not mounted. Memory limited without swap.
[INFO] running `Command { std: "docker" "start" "-a" "fe4a63b8d23d9127aa83218eefdac1c8b1577c1c776e8ca7caa58298c5df4dac", kill_on_drop: false }`
[INFO] [stderr]    Compiling rustc-test v0.3.1 (/opt/rustwide/workdir)
[INFO] [stdout] warning: use of deprecated macro `RustcEncodable`: rustc-serialize is deprecated and no longer supported
[INFO] [stdout]    --> src/lib.rs:227:17
[INFO] [stdout]     |
[INFO] [stdout] 227 | #[derive(Clone, RustcEncodable, RustcDecodable, PartialEq, Debug, Copy)]
[INFO] [stdout]     |                 ^^^^^^^^^^^^^^
[INFO] [stdout]     |
[INFO] [stdout]     = note: `#[warn(deprecated)]` on by default
[INFO] [stdout] 
[INFO] [stdout] 
[INFO] [stdout] warning: use of deprecated macro `RustcDecodable`: rustc-serialize is deprecated and no longer supported
[INFO] [stdout]    --> src/lib.rs:227:33
[INFO] [stdout]     |
[INFO] [stdout] 227 | #[derive(Clone, RustcEncodable, RustcDecodable, PartialEq, Debug, Copy)]
[INFO] [stdout]     |                                 ^^^^^^^^^^^^^^
[INFO] [stdout] 
[INFO] [stdout] 
[INFO] [stdout] warning: trait objects without an explicit `dyn` are deprecated
[INFO] [stdout]    --> src/lib.rs:146:19
[INFO] [stdout]     |
[INFO] [stdout] 146 |     DynTestFn(Box<FnMut() + Send>),
[INFO] [stdout]     |                   ^^^^^^^^^^^^^^ help: use `dyn`: `dyn FnMut() + Send`
[INFO] [stdout]     |
[INFO] [stdout]     = note: `#[warn(bare_trait_objects)]` on by default
[INFO] [stdout]     = warning: this was previously accepted by the compiler but is being phased out; it will become a hard error in the 2021 edition!
[INFO] [stdout]     = note: for more information, see issue #80165 <https://github.com/rust-lang/rust/issues/80165>
[INFO] [stdout] 
[INFO] [stdout] 
[INFO] [stdout] warning: trait objects without an explicit `dyn` are deprecated
[INFO] [stdout]    --> src/lib.rs:147:21
[INFO] [stdout]     |
[INFO] [stdout] 147 |     DynMetricFn(Box<FnMut(&mut MetricMap) + Send>),
[INFO] [stdout]     |                     ^^^^^^^^^^^^^^^^^^^^^^^^^^^^ help: use `dyn`: `dyn FnMut(&mut MetricMap) + Send`
[INFO] [stdout]     |
[INFO] [stdout]     = warning: this was previously accepted by the compiler but is being phased out; it will become a hard error in the 2021 edition!
[INFO] [stdout]     = note: for more information, see issue #80165 <https://github.com/rust-lang/rust/issues/80165>
[INFO] [stdout] 
[INFO] [stdout] 
[INFO] [stdout] warning: trait objects without an explicit `dyn` are deprecated
[INFO] [stdout]    --> src/lib.rs:148:20
[INFO] [stdout]     |
[INFO] [stdout] 148 |     DynBenchFn(Box<TDynBenchFn + 'static>),
[INFO] [stdout]     |                    ^^^^^^^^^^^^^^^^^^^^^ help: use `dyn`: `dyn TDynBenchFn + 'static`
[INFO] [stdout]     |
[INFO] [stdout]     = warning: this was previously accepted by the compiler but is being phased out; it will become a hard error in the 2021 edition!
[INFO] [stdout]     = note: for more information, see issue #80165 <https://github.com/rust-lang/rust/issues/80165>
[INFO] [stdout] 
[INFO] [stdout] 
[INFO] [stdout] warning: use of deprecated macro `try`: use the `?` operator instead
[INFO] [stdout]    --> src/lib.rs:492:36
[INFO] [stdout]     |
[INFO] [stdout] 492 |             Some(ref path) => Some(try!(File::create(path))),
[INFO] [stdout]     |                                    ^^^
[INFO] [stdout] 
[INFO] [stdout] 
[INFO] [stdout] warning: use of deprecated macro `try`: use the `?` operator instead
[INFO] [stdout]    --> src/lib.rs:539:13
[INFO] [stdout]     |
[INFO] [stdout] 539 |             try!(self.write_pretty(verbose, color));
[INFO] [stdout]     |             ^^^
[INFO] [stdout] 
[INFO] [stdout] 
[INFO] [stdout] warning: use of deprecated macro `try`: use the `?` operator instead
[INFO] [stdout]    --> src/lib.rs:550:21
[INFO] [stdout]     |
[INFO] [stdout] 550 |                     try!(term.fg(color));
[INFO] [stdout]     |                     ^^^
[INFO] [stdout] 
[INFO] [stdout] 
[INFO] [stdout] warning: use of deprecated macro `try`: use the `?` operator instead
[INFO] [stdout]    --> src/lib.rs:552:17
[INFO] [stdout]     |
[INFO] [stdout] 552 |                 try!(term.write_all(word.as_bytes()));
[INFO] [stdout]     |                 ^^^
[INFO] [stdout] 
[INFO] [stdout] 
[INFO] [stdout] warning: use of deprecated macro `try`: use the `?` operator instead
[INFO] [stdout]    --> src/lib.rs:554:21
[INFO] [stdout]     |
[INFO] [stdout] 554 |                     try!(term.reset());
[INFO] [stdout]     |                     ^^^
[INFO] [stdout] 
[INFO] [stdout] 
[INFO] [stdout] warning: use of deprecated macro `try`: use the `?` operator instead
[INFO] [stdout]    --> src/lib.rs:559:17
[INFO] [stdout]     |
[INFO] [stdout] 559 |                 try!(stdout.write_all(word.as_bytes()));
[INFO] [stdout]     |                 ^^^
[INFO] [stdout] 
[INFO] [stdout] 
[INFO] [stdout] warning: use of deprecated macro `try`: use the `?` operator instead
[INFO] [stdout]    --> src/lib.rs:568:17
[INFO] [stdout]     |
[INFO] [stdout] 568 |                 try!(term.write_all(s.as_bytes()));
[INFO] [stdout]     |                 ^^^
[INFO] [stdout] 
[INFO] [stdout] 
[INFO] [stdout] warning: use of deprecated macro `try`: use the `?` operator instead
[INFO] [stdout]    --> src/lib.rs:572:17
[INFO] [stdout]     |
[INFO] [stdout] 572 |                 try!(stdout.write_all(s.as_bytes()));
[INFO] [stdout]     |                 ^^^
[INFO] [stdout] 
[INFO] [stdout] 
[INFO] [stdout] warning: use of deprecated macro `try`: use the `?` operator instead
[INFO] [stdout]    --> src/lib.rs:603:17
[INFO] [stdout]     |
[INFO] [stdout] 603 |                 try!(self.write_metric());
[INFO] [stdout]     |                 ^^^
[INFO] [stdout] 
[INFO] [stdout] 
[INFO] [stdout] warning: use of deprecated macro `try`: use the `?` operator instead
[INFO] [stdout]    --> src/lib.rs:607:17
[INFO] [stdout]     |
[INFO] [stdout] 607 |                 try!(self.write_bench());
[INFO] [stdout]     |                 ^^^
[INFO] [stdout] 
[INFO] [stdout] 
[INFO] [stdout] warning: use of deprecated macro `try`: use the `?` operator instead
[INFO] [stdout]    --> src/lib.rs:632:9
[INFO] [stdout]     |
[INFO] [stdout] 632 |         try!(self.write_plain("\nfailures:\n"));
[INFO] [stdout]     |         ^^^
[INFO] [stdout] 
[INFO] [stdout] 
[INFO] [stdout] warning: use of deprecated macro `try`: use the `?` operator instead
[INFO] [stdout]    --> src/lib.rs:645:13
[INFO] [stdout]     |
[INFO] [stdout] 645 |             try!(self.write_plain("\n"));
[INFO] [stdout]     |             ^^^
[INFO] [stdout] 
[INFO] [stdout] 
[INFO] [stdout] warning: use of deprecated macro `try`: use the `?` operator instead
[INFO] [stdout]    --> src/lib.rs:646:13
[INFO] [stdout]     |
[INFO] [stdout] 646 |             try!(self.write_plain(&fail_out));
[INFO] [stdout]     |             ^^^
[INFO] [stdout] 
[INFO] [stdout] 
[INFO] [stdout] warning: use of deprecated macro `try`: use the `?` operator instead
[INFO] [stdout]    --> src/lib.rs:649:9
[INFO] [stdout]     |
[INFO] [stdout] 649 |         try!(self.write_plain("\nfailures:\n"));
[INFO] [stdout]     |         ^^^
[INFO] [stdout] 
[INFO] [stdout] 
[INFO] [stdout] warning: use of deprecated macro `try`: use the `?` operator instead
[INFO] [stdout]    --> src/lib.rs:652:13
[INFO] [stdout]     |
[INFO] [stdout] 652 |             try!(self.write_plain(&format!("    {}\n", name)));
[INFO] [stdout]     |             ^^^
[INFO] [stdout] 
[INFO] [stdout] 
[INFO] [stdout] warning: use of deprecated macro `try`: use the `?` operator instead
[INFO] [stdout]    --> src/lib.rs:662:13
[INFO] [stdout]     |
[INFO] [stdout] 662 |             try!(self.write_failures());
[INFO] [stdout]     |             ^^^
[INFO] [stdout] 
[INFO] [stdout] 
[INFO] [stdout] warning: use of deprecated macro `try`: use the `?` operator instead
[INFO] [stdout]    --> src/lib.rs:665:9
[INFO] [stdout]     |
[INFO] [stdout] 665 |         try!(self.write_plain("\ntest result: "));
[INFO] [stdout]     |         ^^^
[INFO] [stdout] 
[INFO] [stdout] 
[INFO] [stdout] warning: use of deprecated macro `try`: use the `?` operator instead
[INFO] [stdout]    --> src/lib.rs:668:13
[INFO] [stdout]     |
[INFO] [stdout] 668 |             try!(self.write_pretty("ok", term::color::GREEN));
[INFO] [stdout]     |             ^^^
[INFO] [stdout] 
[INFO] [stdout] 
[INFO] [stdout] warning: use of deprecated macro `try`: use the `?` operator instead
[INFO] [stdout]    --> src/lib.rs:670:13
[INFO] [stdout]     |
[INFO] [stdout] 670 |             try!(self.write_pretty("FAILED", term::color::RED));
[INFO] [stdout]     |             ^^^
[INFO] [stdout] 
[INFO] [stdout] 
[INFO] [stdout] warning: use of deprecated macro `try`: use the `?` operator instead
[INFO] [stdout]    --> src/lib.rs:677:9
[INFO] [stdout]     |
[INFO] [stdout] 677 |         try!(self.write_plain(&s));
[INFO] [stdout]     |         ^^^
[INFO] [stdout] 
[INFO] [stdout] 
[INFO] [stdout] warning: use of deprecated macro `try`: use the `?` operator instead
[INFO] [stdout]    --> src/lib.rs:761:18
[INFO] [stdout]     |
[INFO] [stdout] 761 |     let mut st = try!(ConsoleTestState::new(opts, None::<io::Stdout>));
[INFO] [stdout]     |                  ^^^
[INFO] [stdout] 
[INFO] [stdout] 
[INFO] [stdout] warning: use of deprecated macro `try`: use the `?` operator instead
[INFO] [stdout]    --> src/lib.rs:775:5
[INFO] [stdout]     |
[INFO] [stdout] 775 |     try!(run_tests(opts, tests, |x| callback(&x, &mut st)));
[INFO] [stdout]     |     ^^^
[INFO] [stdout] 
[INFO] [stdout] 
[INFO] [stdout] warning: use of deprecated macro `try`: use the `?` operator instead
[INFO] [stdout]    --> src/lib.rs:731:17
[INFO] [stdout]     |
[INFO] [stdout] 731 |                 try!(st.write_log(&test, &result));
[INFO] [stdout]     |                 ^^^
[INFO] [stdout] 
[INFO] [stdout] 
[INFO] [stdout] warning: use of deprecated macro `try`: use the `?` operator instead
[INFO] [stdout]    --> src/lib.rs:732:17
[INFO] [stdout]     |
[INFO] [stdout] 732 |                 try!(st.write_result(&result));
[INFO] [stdout]     |                 ^^^
[INFO] [stdout] 
[INFO] [stdout] 
[INFO] [stdout] warning: use of deprecated macro `try`: use the `?` operator instead
[INFO] [stdout]    --> src/lib.rs:895:5
[INFO] [stdout]     |
[INFO] [stdout] 895 |     try!(callback(TeFiltered(filtered_descs)));
[INFO] [stdout]     |     ^^^
[INFO] [stdout] 
[INFO] [stdout] 
[INFO] [stdout] warning: use of deprecated macro `try`: use the `?` operator instead
[INFO] [stdout]    --> src/lib.rs:922:17
[INFO] [stdout]     |
[INFO] [stdout] 922 |                 try!(callback(TeWait(test.desc.clone(), test.testfn.padding())));
[INFO] [stdout]     |                 ^^^
[INFO] [stdout] 
[INFO] [stdout] 
[INFO] [stdout] warning: use of deprecated macro `try`: use the `?` operator instead
[INFO] [stdout]    --> src/lib.rs:930:13
[INFO] [stdout]     |
[INFO] [stdout] 930 |             try!(callback(TeWait(desc.clone(), PadNone)));
[INFO] [stdout]     |             ^^^
[INFO] [stdout] 
[INFO] [stdout] 
[INFO] [stdout] warning: use of deprecated macro `try`: use the `?` operator instead
[INFO] [stdout]    --> src/lib.rs:932:9
[INFO] [stdout]     |
[INFO] [stdout] 932 |         try!(callback(TeResult(desc, result, stdout)));
[INFO] [stdout]     |         ^^^
[INFO] [stdout] 
[INFO] [stdout] 
[INFO] [stdout] warning: use of deprecated macro `try`: use the `?` operator instead
[INFO] [stdout]    --> src/lib.rs:940:13
[INFO] [stdout]     |
[INFO] [stdout] 940 |             try!(callback(TeWait(b.desc.clone(), b.testfn.padding())));
[INFO] [stdout]     |             ^^^
[INFO] [stdout] 
[INFO] [stdout] 
[INFO] [stdout] warning: use of deprecated macro `try`: use the `?` operator instead
[INFO] [stdout]    --> src/lib.rs:943:13
[INFO] [stdout]     |
[INFO] [stdout] 943 |             try!(callback(TeResult(test, result, stdout)));
[INFO] [stdout]     |             ^^^
[INFO] [stdout] 
[INFO] [stdout] 
[INFO] [stdout] warning: trait objects without an explicit `dyn` are deprecated
[INFO] [stdout]     --> src/lib.rs:1128:39
[INFO] [stdout]      |
[INFO] [stdout] 1128 |                       mut testfn: Box<FnMut() + Send>) {
[INFO] [stdout]      |                                       ^^^^^^^^^^^^^^ help: use `dyn`: `dyn FnMut() + Send`
[INFO] [stdout]      |
[INFO] [stdout]      = warning: this was previously accepted by the compiler but is being phased out; it will become a hard error in the 2021 edition!
[INFO] [stdout]      = note: for more information, see issue #80165 <https://github.com/rust-lang/rust/issues/80165>
[INFO] [stdout] 
[INFO] [stdout] 
[INFO] [stdout] warning: trait objects without an explicit `dyn` are deprecated
[INFO] [stdout]     --> src/lib.rs:1185:61
[INFO] [stdout]      |
[INFO] [stdout] 1185 | fn calc_result(desc: &TestDesc, task_result: Result<(), Box<Any + Send>>) -> TestResult {
[INFO] [stdout]      |                                                             ^^^^^^^^^^ help: use `dyn`: `dyn Any + Send`
[INFO] [stdout]      |
[INFO] [stdout]      = warning: this was previously accepted by the compiler but is being phased out; it will become a hard error in the 2021 edition!
[INFO] [stdout]      = note: for more information, see issue #80165 <https://github.com/rust-lang/rust/issues/80165>
[INFO] [stdout] 
[INFO] [stdout] 
[INFO] [stdout] warning: 37 warnings emitted
[INFO] [stdout] 
[INFO] [stdout] 
[INFO] [stdout] warning: use of deprecated macro `RustcEncodable`: rustc-serialize is deprecated and no longer supported
[INFO] [stdout]    --> src/lib.rs:227:17
[INFO] [stdout]     |
[INFO] [stdout] 227 | #[derive(Clone, RustcEncodable, RustcDecodable, PartialEq, Debug, Copy)]
[INFO] [stdout]     |                 ^^^^^^^^^^^^^^
[INFO] [stdout]     |
[INFO] [stdout]     = note: `#[warn(deprecated)]` on by default
[INFO] [stdout] 
[INFO] [stdout] 
[INFO] [stdout] warning: use of deprecated macro `RustcDecodable`: rustc-serialize is deprecated and no longer supported
[INFO] [stdout]    --> src/lib.rs:227:33
[INFO] [stdout]     |
[INFO] [stdout] 227 | #[derive(Clone, RustcEncodable, RustcDecodable, PartialEq, Debug, Copy)]
[INFO] [stdout]     |                                 ^^^^^^^^^^^^^^
[INFO] [stdout] 
[INFO] [stdout] 
[INFO] [stdout] error: use of unstable library feature 'test': `bench` is a part of custom test frameworks which are unstable
[INFO] [stdout]    --> src/stats.rs:885:7
[INFO] [stdout]     |
[INFO] [stdout] 885 |     #[bench]
[INFO] [stdout]     |       ^^^^^
[INFO] [stdout]     |
[INFO] [stdout]     = note: `#[deny(soft_unstable)]` on by default
[INFO] [stdout]     = warning: this was previously accepted by the compiler but is being phased out; it will become a hard error in a future release!
[INFO] [stdout]     = note: for more information, see issue #64266 <https://github.com/rust-lang/rust/issues/64266>
[INFO] [stdout] 
[INFO] [stdout] 
[INFO] [stdout] error: use of unstable library feature 'test': `bench` is a part of custom test frameworks which are unstable
[INFO] [stdout]    --> src/stats.rs:891:7
[INFO] [stdout]     |
[INFO] [stdout] 891 |     #[bench]
[INFO] [stdout]     |       ^^^^^
[INFO] [stdout]     |
[INFO] [stdout]     = warning: this was previously accepted by the compiler but is being phased out; it will become a hard error in a future release!
[INFO] [stdout]     = note: for more information, see issue #64266 <https://github.com/rust-lang/rust/issues/64266>
[INFO] [stdout] 
[INFO] [stdout] 
[INFO] [stdout] warning: trait objects without an explicit `dyn` are deprecated
[INFO] [stdout]    --> src/lib.rs:146:19
[INFO] [stdout]     |
[INFO] [stdout] 146 |     DynTestFn(Box<FnMut() + Send>),
[INFO] [stdout]     |                   ^^^^^^^^^^^^^^ help: use `dyn`: `dyn FnMut() + Send`
[INFO] [stdout]     |
[INFO] [stdout]     = note: `#[warn(bare_trait_objects)]` on by default
[INFO] [stdout]     = warning: this was previously accepted by the compiler but is being phased out; it will become a hard error in the 2021 edition!
[INFO] [stdout]     = note: for more information, see issue #80165 <https://github.com/rust-lang/rust/issues/80165>
[INFO] [stdout] 
[INFO] [stdout] 
[INFO] [stdout] warning: trait objects without an explicit `dyn` are deprecated
[INFO] [stdout]    --> src/lib.rs:147:21
[INFO] [stdout]     |
[INFO] [stdout] 147 |     DynMetricFn(Box<FnMut(&mut MetricMap) + Send>),
[INFO] [stdout]     |                     ^^^^^^^^^^^^^^^^^^^^^^^^^^^^ help: use `dyn`: `dyn FnMut(&mut MetricMap) + Send`
[INFO] [stdout]     |
[INFO] [stdout]     = warning: this was previously accepted by the compiler but is being phased out; it will become a hard error in the 2021 edition!
[INFO] [stdout]     = note: for more information, see issue #80165 <https://github.com/rust-lang/rust/issues/80165>
[INFO] [stdout] 
[INFO] [stdout] 
[INFO] [stdout] warning: trait objects without an explicit `dyn` are deprecated
[INFO] [stdout]    --> src/lib.rs:148:20
[INFO] [stdout]     |
[INFO] [stdout] 148 |     DynBenchFn(Box<TDynBenchFn + 'static>),
[INFO] [stdout]     |                    ^^^^^^^^^^^^^^^^^^^^^ help: use `dyn`: `dyn TDynBenchFn + 'static`
[INFO] [stdout]     |
[INFO] [stdout]     = warning: this was previously accepted by the compiler but is being phased out; it will become a hard error in the 2021 edition!
[INFO] [stdout]     = note: for more information, see issue #80165 <https://github.com/rust-lang/rust/issues/80165>
[INFO] [stdout] 
[INFO] [stdout] 
[INFO] [stdout] warning: use of deprecated macro `try`: use the `?` operator instead
[INFO] [stdout]    --> src/lib.rs:492:36
[INFO] [stdout]     |
[INFO] [stdout] 492 |             Some(ref path) => Some(try!(File::create(path))),
[INFO] [stdout]     |                                    ^^^
[INFO] [stdout] 
[INFO] [stdout] 
[INFO] [stdout] warning: use of deprecated macro `try`: use the `?` operator instead
[INFO] [stdout]    --> src/lib.rs:539:13
[INFO] [stdout]     |
[INFO] [stdout] 539 |             try!(self.write_pretty(verbose, color));
[INFO] [stdout]     |             ^^^
[INFO] [stdout] 
[INFO] [stdout] 
[INFO] [stdout] warning: use of deprecated macro `try`: use the `?` operator instead
[INFO] [stdout]    --> src/lib.rs:550:21
[INFO] [stdout]     |
[INFO] [stdout] 550 |                     try!(term.fg(color));
[INFO] [stdout]     |                     ^^^
[INFO] [stdout] 
[INFO] [stdout] 
[INFO] [stdout] warning: use of deprecated macro `try`: use the `?` operator instead
[INFO] [stdout]    --> src/lib.rs:552:17
[INFO] [stdout]     |
[INFO] [stdout] 552 |                 try!(term.write_all(word.as_bytes()));
[INFO] [stdout]     |                 ^^^
[INFO] [stdout] 
[INFO] [stdout] 
[INFO] [stdout] warning: use of deprecated macro `try`: use the `?` operator instead
[INFO] [stdout]    --> src/lib.rs:554:21
[INFO] [stdout]     |
[INFO] [stdout] 554 |                     try!(term.reset());
[INFO] [stdout]     |                     ^^^
[INFO] [stdout] 
[INFO] [stdout] 
[INFO] [stdout] warning: use of deprecated macro `try`: use the `?` operator instead
[INFO] [stdout]    --> src/lib.rs:559:17
[INFO] [stdout]     |
[INFO] [stdout] 559 |                 try!(stdout.write_all(word.as_bytes()));
[INFO] [stdout]     |                 ^^^
[INFO] [stdout] 
[INFO] [stdout] 
[INFO] [stdout] warning: use of deprecated macro `try`: use the `?` operator instead
[INFO] [stdout]    --> src/lib.rs:568:17
[INFO] [stdout]     |
[INFO] [stdout] 568 |                 try!(term.write_all(s.as_bytes()));
[INFO] [stdout]     |                 ^^^
[INFO] [stdout] 
[INFO] [stdout] 
[INFO] [stdout] warning: use of deprecated macro `try`: use the `?` operator instead
[INFO] [stdout]    --> src/lib.rs:572:17
[INFO] [stdout]     |
[INFO] [stdout] 572 |                 try!(stdout.write_all(s.as_bytes()));
[INFO] [stdout]     |                 ^^^
[INFO] [stdout] 
[INFO] [stdout] 
[INFO] [stdout] warning: use of deprecated macro `try`: use the `?` operator instead
[INFO] [stdout]    --> src/lib.rs:603:17
[INFO] [stdout]     |
[INFO] [stdout] 603 |                 try!(self.write_metric());
[INFO] [stdout]     |                 ^^^
[INFO] [stdout] 
[INFO] [stdout] 
[INFO] [stdout] warning: use of deprecated macro `try`: use the `?` operator instead
[INFO] [stdout]    --> src/lib.rs:607:17
[INFO] [stdout]     |
[INFO] [stdout] 607 |                 try!(self.write_bench());
[INFO] [stdout]     |                 ^^^
[INFO] [stdout] 
[INFO] [stdout] 
[INFO] [stdout] warning: use of deprecated macro `try`: use the `?` operator instead
[INFO] [stdout]    --> src/lib.rs:632:9
[INFO] [stdout]     |
[INFO] [stdout] 632 |         try!(self.write_plain("\nfailures:\n"));
[INFO] [stdout]     |         ^^^
[INFO] [stdout] 
[INFO] [stdout] 
[INFO] [stdout] warning: use of deprecated macro `try`: use the `?` operator instead
[INFO] [stdout]    --> src/lib.rs:645:13
[INFO] [stdout]     |
[INFO] [stdout] 645 |             try!(self.write_plain("\n"));
[INFO] [stdout]     |             ^^^
[INFO] [stdout] 
[INFO] [stdout] 
[INFO] [stdout] warning: use of deprecated macro `try`: use the `?` operator instead
[INFO] [stdout]    --> src/lib.rs:646:13
[INFO] [stdout]     |
[INFO] [stdout] 646 |             try!(self.write_plain(&fail_out));
[INFO] [stdout]     |             ^^^
[INFO] [stdout] 
[INFO] [stdout] 
[INFO] [stdout] warning: use of deprecated macro `try`: use the `?` operator instead
[INFO] [stdout]    --> src/lib.rs:649:9
[INFO] [stdout]     |
[INFO] [stdout] 649 |         try!(self.write_plain("\nfailures:\n"));
[INFO] [stdout]     |         ^^^
[INFO] [stdout] 
[INFO] [stdout] 
[INFO] [stdout] warning: use of deprecated macro `try`: use the `?` operator instead
[INFO] [stdout]    --> src/lib.rs:652:13
[INFO] [stdout]     |
[INFO] [stdout] 652 |             try!(self.write_plain(&format!("    {}\n", name)));
[INFO] [stdout]     |             ^^^
[INFO] [stdout] 
[INFO] [stdout] 
[INFO] [stdout] warning: use of deprecated macro `try`: use the `?` operator instead
[INFO] [stdout]    --> src/lib.rs:662:13
[INFO] [stdout]     |
[INFO] [stdout] 662 |             try!(self.write_failures());
[INFO] [stdout]     |             ^^^
[INFO] [stdout] 
[INFO] [stdout] 
[INFO] [stdout] warning: use of deprecated macro `try`: use the `?` operator instead
[INFO] [stdout]    --> src/lib.rs:665:9
[INFO] [stdout]     |
[INFO] [stdout] 665 |         try!(self.write_plain("\ntest result: "));
[INFO] [stdout]     |         ^^^
[INFO] [stdout] 
[INFO] [stdout] 
[INFO] [stdout] warning: use of deprecated macro `try`: use the `?` operator instead
[INFO] [stdout]    --> src/lib.rs:668:13
[INFO] [stdout]     |
[INFO] [stdout] 668 |             try!(self.write_pretty("ok", term::color::GREEN));
[INFO] [stdout]     |             ^^^
[INFO] [stdout] 
[INFO] [stdout] 
[INFO] [stdout] warning: use of deprecated macro `try`: use the `?` operator instead
[INFO] [stdout]    --> src/lib.rs:670:13
[INFO] [stdout]     |
[INFO] [stdout] 670 |             try!(self.write_pretty("FAILED", term::color::RED));
[INFO] [stdout]     |             ^^^
[INFO] [stdout] 
[INFO] [stdout] 
[INFO] [stdout] warning: use of deprecated macro `try`: use the `?` operator instead
[INFO] [stdout]    --> src/lib.rs:677:9
[INFO] [stdout]     |
[INFO] [stdout] 677 |         try!(self.write_plain(&s));
[INFO] [stdout]     |         ^^^
[INFO] [stdout] 
[INFO] [stdout] 
[INFO] [stdout] warning: use of deprecated macro `try`: use the `?` operator instead
[INFO] [stdout]    --> src/lib.rs:761:18
[INFO] [stdout]     |
[INFO] [stdout] 761 |     let mut st = try!(ConsoleTestState::new(opts, None::<io::Stdout>));
[INFO] [stdout]     |                  ^^^
[INFO] [stdout] 
[INFO] [stdout] 
[INFO] [stdout] warning: use of deprecated macro `try`: use the `?` operator instead
[INFO] [stdout]    --> src/lib.rs:775:5
[INFO] [stdout]     |
[INFO] [stdout] 775 |     try!(run_tests(opts, tests, |x| callback(&x, &mut st)));
[INFO] [stdout]     |     ^^^
[INFO] [stdout] 
[INFO] [stdout] 
[INFO] [stdout] warning: use of deprecated macro `try`: use the `?` operator instead
[INFO] [stdout]    --> src/lib.rs:731:17
[INFO] [stdout]     |
[INFO] [stdout] 731 |                 try!(st.write_log(&test, &result));
[INFO] [stdout]     |                 ^^^
[INFO] [stdout] 
[INFO] [stdout] 
[INFO] [stdout] warning: use of deprecated macro `try`: use the `?` operator instead
[INFO] [stdout]    --> src/lib.rs:732:17
[INFO] [stdout]     |
[INFO] [stdout] 732 |                 try!(st.write_result(&result));
[INFO] [stdout]     |                 ^^^
[INFO] [stdout] 
[INFO] [stdout] 
[INFO] [stdout] warning: use of deprecated macro `try`: use the `?` operator instead
[INFO] [stdout]    --> src/lib.rs:895:5
[INFO] [stdout]     |
[INFO] [stdout] 895 |     try!(callback(TeFiltered(filtered_descs)));
[INFO] [stdout]     |     ^^^
[INFO] [stdout] 
[INFO] [stdout] 
[INFO] [stdout] warning: use of deprecated macro `try`: use the `?` operator instead
[INFO] [stdout]    --> src/lib.rs:922:17
[INFO] [stdout]     |
[INFO] [stdout] 922 |                 try!(callback(TeWait(test.desc.clone(), test.testfn.padding())));
[INFO] [stdout]     |                 ^^^
[INFO] [stdout] 
[INFO] [stdout] 
[INFO] [stdout] warning: use of deprecated macro `try`: use the `?` operator instead
[INFO] [stdout]    --> src/lib.rs:930:13
[INFO] [stdout]     |
[INFO] [stdout] 930 |             try!(callback(TeWait(desc.clone(), PadNone)));
[INFO] [stdout]     |             ^^^
[INFO] [stdout] 
[INFO] [stdout] 
[INFO] [stdout] warning: use of deprecated macro `try`: use the `?` operator instead
[INFO] [stdout]    --> src/lib.rs:932:9
[INFO] [stdout]     |
[INFO] [stdout] 932 |         try!(callback(TeResult(desc, result, stdout)));
[INFO] [stdout]     |         ^^^
[INFO] [stdout] 
[INFO] [stdout] 
[INFO] [stdout] warning: use of deprecated macro `try`: use the `?` operator instead
[INFO] [stdout]    --> src/lib.rs:940:13
[INFO] [stdout]     |
[INFO] [stdout] 940 |             try!(callback(TeWait(b.desc.clone(), b.testfn.padding())));
[INFO] [stdout]     |             ^^^
[INFO] [stdout] 
[INFO] [stdout] 
[INFO] [stdout] warning: use of deprecated macro `try`: use the `?` operator instead
[INFO] [stdout]    --> src/lib.rs:943:13
[INFO] [stdout]     |
[INFO] [stdout] 943 |             try!(callback(TeResult(test, result, stdout)));
[INFO] [stdout]     |             ^^^
[INFO] [stdout] 
[INFO] [stdout] 
[INFO] [stdout] warning: trait objects without an explicit `dyn` are deprecated
[INFO] [stdout]     --> src/lib.rs:1128:39
[INFO] [stdout]      |
[INFO] [stdout] 1128 |                       mut testfn: Box<FnMut() + Send>) {
[INFO] [stdout]      |                                       ^^^^^^^^^^^^^^ help: use `dyn`: `dyn FnMut() + Send`
[INFO] [stdout]      |
[INFO] [stdout]      = warning: this was previously accepted by the compiler but is being phased out; it will become a hard error in the 2021 edition!
[INFO] [stdout]      = note: for more information, see issue #80165 <https://github.com/rust-lang/rust/issues/80165>
[INFO] [stdout] 
[INFO] [stdout] 
[INFO] [stdout] warning: trait objects without an explicit `dyn` are deprecated
[INFO] [stdout]     --> src/lib.rs:1185:61
[INFO] [stdout]      |
[INFO] [stdout] 1185 | fn calc_result(desc: &TestDesc, task_result: Result<(), Box<Any + Send>>) -> TestResult {
[INFO] [stdout]      |                                                             ^^^^^^^^^^ help: use `dyn`: `dyn Any + Send`
[INFO] [stdout]      |
[INFO] [stdout]      = warning: this was previously accepted by the compiler but is being phased out; it will become a hard error in the 2021 edition!
[INFO] [stdout]      = note: for more information, see issue #80165 <https://github.com/rust-lang/rust/issues/80165>
[INFO] [stdout] 
[INFO] [stdout] 
[INFO] [stdout] error[E0308]: mismatched types
[INFO] [stdout]    --> src/stats.rs:886:5
[INFO] [stdout]     |
[INFO] [stdout] 886 | /     pub fn sum_three_items(b: &mut Bencher) {
[INFO] [stdout] 887 | |         b.iter(|| {
[INFO] [stdout] 888 | |             [1e20f64, 1.5f64, -1e20f64].sum();
[INFO] [stdout] 889 | |         })
[INFO] [stdout] 890 | |     }
[INFO] [stdout]     | |_____^ expected struct `Bencher`, found struct `test::Bencher`
[INFO] [stdout]     |
[INFO] [stdout]     = note: expected mutable reference `&mut Bencher`
[INFO] [stdout]                found mutable reference `&mut test::Bencher`
[INFO] [stdout]     = note: this error originates in an attribute macro (in Nightly builds, run with -Z macro-backtrace for more info)
[INFO] [stdout] 
[INFO] [stdout] 
[INFO] [stdout] error[E0308]: mismatched types
[INFO] [stdout]    --> src/stats.rs:892:5
[INFO] [stdout]     |
[INFO] [stdout] 892 | /     pub fn sum_many_f64(b: &mut Bencher) {
[INFO] [stdout] 893 | |         let nums = [-1e30f64, 1e60, 1e30, 1.0, -1e60];
[INFO] [stdout] 894 | |         let v = (0..500).map(|i| nums[i % 5]).collect::<Vec<_>>();
[INFO] [stdout] 895 | |
[INFO] [stdout] ...   |
[INFO] [stdout] 898 | |         })
[INFO] [stdout] 899 | |     }
[INFO] [stdout]     | |_____^ expected struct `Bencher`, found struct `test::Bencher`
[INFO] [stdout]     |
[INFO] [stdout]     = note: expected mutable reference `&mut Bencher`
[INFO] [stdout]                found mutable reference `&mut test::Bencher`
[INFO] [stdout]     = note: this error originates in an attribute macro (in Nightly builds, run with -Z macro-backtrace for more info)
[INFO] [stdout] 
[INFO] [stdout] 
[INFO] [stdout] error: aborting due to 4 previous errors; 37 warnings emitted
[INFO] [stdout] 
[INFO] [stdout] 
[INFO] [stdout] For more information about this error, try `rustc --explain E0308`.
[INFO] [stdout] 
[INFO] [stderr] error: could not compile `rustc-test`
[INFO] [stderr] 
[INFO] [stderr] To learn more, run the command again with --verbose.
[INFO] running `Command { std: "docker" "inspect" "fe4a63b8d23d9127aa83218eefdac1c8b1577c1c776e8ca7caa58298c5df4dac", kill_on_drop: false }`
[INFO] running `Command { std: "docker" "rm" "-f" "fe4a63b8d23d9127aa83218eefdac1c8b1577c1c776e8ca7caa58298c5df4dac", kill_on_drop: false }`
[INFO] [stdout] fe4a63b8d23d9127aa83218eefdac1c8b1577c1c776e8ca7caa58298c5df4dac
